hen 2443 is divided by 309.
280
What is the remainder when 83 is divided by 24?
11
Calculate the remainder when 26 is divided by 10.
6
What is the remainder when 134 is divided by 72?
62
Calculate the remainder when 754 is divided by 377.
0
Calculate the remainder when 19 is divided by 13.
6
What is the remainder when 286 is divided by 48?
46
What is the remainder when 19 is divided by 10?
9
What is the remainder when 5539 is divided by 5531?
8
What is the remainder when 195 is divided by 30?
15
Calculate the remainder when 430 is divided by 64.
46
What is the remainder when 4666 is divided by 1166?
2
What is the remainder when 404 is divided by 67?
2
What is the remainder when 81 is divided by 14?
11
What is the remainder when 187 is divided by 12?
7
Calculate the remainder when 50 is divided by 48.
2
Calculate the remainder when 2742 is divided by 28.
26
What is the remainder when 485 is divided by 49?
44
Calculate the remainder when 1043 is divided by 147.
14
Calculate the remainder when 729 is divided by 146.
145
What is the remainder when 3285 is divided by 35?
30
Calculate the remainder when 508 is divided by 5.
3
Calculate the remainder when 2264 is divided by 252.
248
What is the remainder when 120 is divided by 40?
0
What is the remainder when 47 is divided by 22?
3
What is the remainder when 146 is divided by 109?
37
What is the remainder when 405 is divided by 24?
21
What is the remainder when 630 is divided by 155?
10
Calculate the remainder when 47 is divided by 39.
8
Calculate the remainder when 37 is divided by 14.
9
What is the remainder when 83 is divided by 19?
7
What is the remainder when 299 is divided by 86?
41
Calculate the remainder when 3020 is divided by 42.
38
What is the remainder when 221 is divided by 28?
25
What is the remainder when 11134 is divided by 32?
30
Calculate the remainder when 4179 is divided by 82.
79
Calculate the remainder when 418 is divided by 39.
28
What is the remainder when 597 is divided by 421?
176
Calculate the remainder when 1233 is divided by 1227.
6
What is the remainder when 974 is divided by 122?
120
What is the remainder when 432 is divided by 424?
8
What is the remainder when 648 is divided by 93?
90
What is the remainder when 262 is divided by 8?
6
What is the remainder when 512 is divided by 19?
18
What is the remainder when 477 is divided by 58?
13
What is the remainder when 176 is divided by 18?
14
What is the remainder when 148 is divided by 83?
65
What is the remainder when 583 is divided by 32?
7
What is the remainder when 185 is divided by 42?
17
Calculate the remainder when 177 is divided by 18.
15
What is the remainder when 471 is divided by 56?
23
What is the remainder when 129 is divided by 39?
12
What is the remainder when 41 is divided by 21?
20
Calculate the remainder when 5276 is divided by 264.
260
What is the remainder when 431 is divided by 17?
6
What is the remainder when 56 is divided by 54?
2
Calculate the remainder when 987 is divided by 31.
26
What is the remainder when 126 is divided by 9?
0
Calculate the remainder when 897 is divided by 253.
138
What is the remainder when 43 is divided by 25?
18
Calculate the remainder when 119 is divided by 20.
19
What is the remainder when 466 is divided by 24?
10
What is the remainder when 8718 is divided by 16?
14
What is the remainder when 190 is divided by 35?
15
Calculate the remainder when 105 is divided by 27.
24
What is the remainder when 5504 is divided by 81?
77
Calculate the remainder when 242 is divided by 117.
8
Calculate the remainder when 580 is divided by 11.
8
What is the remainder when 1477 is divided by 148?
145
Calculate the remainder when 256 is divided by 65.
61
What is the remainder when 626 is divided by 20?
6
Calculate the remainder when 236 is divided by 48.
44
What is the remainder when 39419 is divided by 77?
72
Calculate the remainder when 77 is divided by 50.
27
Calculate the remainder when 1564 is divided by 54.
52
Calculate the remainder when 711 is divided by 60.
51
Calculate the remainder when 1616 is divided by 27.
23
What is the remainder when 671 is divided by 4?
3
Calculate the remainder when 147 is divided by 55.
37
Calculate the remainder when 275 is divided by 90.
5
Calculate the remainder when 1139 is divided by 15.
14
What is the remainder when 1529 is divided by 90?
89
What is the remainder when 277 is divided by 9?
7
Calculate the remainder when 101 is divided by 26.
23
Calculate the remainder when 810 is divided by 209.
183
What is the remainder when 7460 is divided by 1864?
4
Calculate the remainder when 530 is divided by 54.
44
What is the remainder when 113 is divided by 61?
52
What is the remainder when 135 is divided by 52?
31
What is the remainder when 47 is divided by 9?
2
Calculate the remainder when 3997 is divided by 22.
15
What is the remainder when 1568 is divided by 6?
2
Calculate the remainder when 2642 is divided by 147.
143
What is the remainder when 143 is divided by 26?
13
What is the remainder when 696 is divided by 50?
46
What is the remainder when 242 is divided by 28?
18
What is the remainder when 424 is divided by 421?
3
Calculate the remainder when 286 is divided by 24.
22
What is the remainder when 246 is divided by 31?
29
What is the remainder when 83 is divided by 43?
40
Calculate the remainder when 18 is divided by 7.
4
What is the remainder when 139 is divided by 26?
9
What is the remainder when 71 is divided by 32?
7
What is the remainder when 856 is divided by 4?
0
Calculate the remainder when 270 is divided by 129.
12
What is the remainder when 2938 is divided by 12?
10
What is the remainder when 490 is divided by 45?
40
Calculate the remainder when 101 is divided by 28.
17
What is the remainder when 158 is divided by 20?
18
Calculate the remainder when 99 is divided by 53.
46
What is the remainder when 493 is divided by 52?
25
Calculate the remainder when 1214 is divided by 29.
25
What is the remainder when 545 is divided by 55?
50
What is the remainder when 332 is divided by 331?
1
Calculate the remainder when 3145 is divided by 197.
190
Calculate the remainder when 562 is divided by 38.
30
What is the remainder when 65 is divided by 31?
3
What is the remainder when 776 is divided by 21?
20
What is the remainder when 1832 is divided by 454?
16
Calculate the remainder when 52 is divided by 7.
3
What is the remainder when 2291 is divided by 62?
59
Calculate the remainder when 2719 is divided by 10.
9
What is the remainder when 3268 is divided by 7?
6
What is the remainder when 224 is divided by 50?
24
Calculate the remainder when 1923 is divided by 23.
14
Calculate the remainder when 805 is divided by 13.
12
Calculate the remainder when 2452 is divided by 203.
16
What is the remainder when 160 is divided by 44?
28
What is the remainder when 107 is divided by 10?
7
Calculate the remainder when 142 is divided by 54.
34
What is the remainder when 130 is divided by 58?
14
What is the remainder when 2276 is divided by 34?
32
What is the remainder when 252 is divided by 133?
119
What is the remainder when 90 is divided by 42?
6
What is the remainder when 3968 is divided by 234?
224
Calculate the remainder when 116 is divided by 18.
8
What is the remainder when 61 is divided by 8?
5
Calculate the remainder when 1089 is divided by 1073.
16
What is the remainder when 525 is divided by 136?
117
Calculate the remainder when 261 is divided by 81.
18
Calculate the remainder when 2043 is divided by 22.
19
Calculate the remainder when 172 is divided by 43.
0
What is the remainder when 23 is divided by 12?
11
Calculate the remainder when 2789 is divided by 49.
45
What is the remainder when 21675 is divided by 80?
75
Calculate the remainder when 3672 is divided by 1812.
48
Calculate the remainder when 1254 is divided by 140.
134
What is the remainder when 16 is divided by 6?
4
What is the remainder when 10063 is divided by 136?
135
What is the remainder when 1761 is divided by 14?
11
Calculate the remainder when 111 is divided by 56.
55
Calculate the remainder when 128 is divided by 17.
9
What is the remainder when 31 is divided by 12?
7
What is the remainder when 846 is divided by 207?
18
Calculate the remainder when 552 is divided by 81.
66
What is the rema